{"id":277,"date":"2022-03-14T18:23:28","date_gmt":"2022-03-14T21:23:28","guid":{"rendered":"https:\/\/interlab21ccm.com\/?page_id=277"},"modified":"2022-03-14T18:59:04","modified_gmt":"2022-03-14T21:59:04","slug":"v-encontro-de-pesquisa-ccm-interlab21","status":"publish","type":"page","link":"https:\/\/interlab21ccm.com\/?page_id=277","title":{"rendered":"V ENCONTRO DE PESQUISA CCM &#8211; INTERLAB21"},"content":{"rendered":"\n<h3 class=\"wp-block-heading\"><strong>Pontes para sobreviv\u00eancia: a cria\u00e7\u00e3o de narrativas pol\u00edticas em redes de ativismo<\/strong><\/h3>\n\n\n\n<p>O CCM &#8211; InterLab 21 nasceu da ideia de criar um espa\u00e7o de di\u00e1logo sobre processos de cria\u00e7\u00e3o em diferentes m\u00eddias e plataformas multidimensionais. &nbsp;<\/p>\n\n\n\n<p>O tema do V Encontro de Pesquisa CCM &#8211; InterLab,&nbsp; de 2021 &#8211;&nbsp;<strong>Pontes para sobreviv\u00eancia: a cria\u00e7\u00e3o de narrativas pol\u00edticas em redes de ativismo<\/strong>&nbsp;&#8211; se fundamenta na quest\u00e3o da partilha, que vem sendo trabalhada pelo grupo nos \u00faltimos anos, a fim de fortalecer nossas redes colaborativas, para que nossa produ\u00e7\u00e3o acad\u00eamica fomente pontes de conhecimento nas \u00e1reas da comunica\u00e7\u00e3o e das artes em prol de um futuro poss\u00edvel.&nbsp;<\/p>\n\n\n\n<p>O V Encontro de Pesquisa CCM &#8211; InterLab acontece nos dias 14 e 15 de dezembro, em formato online, trazendo para comunidade universit\u00e1ria da PUC-SP tr\u00eas palestras com convidados externos e tr\u00eas mesas de debate, apresentando ao p\u00fablico as produ\u00e7\u00f5es mais recentes dos integrantes do CCM &#8211; Interlab 21.&nbsp;<\/p>\n\n\n\n<p>O CCM &#8211; InterLab 21 integra o Programa de P\u00f3s-Gradua\u00e7\u00e3o em Comunica\u00e7\u00e3o e Semi\u00f3tica &#8211; COS | PUC-SP.&nbsp; Esta atividade faz parte do projeto &#8220;Interlab21: produ\u00e7\u00e3o e partilha de conhecimento do CCM nas redes digitais&#8221;, sendo realizada com o apoio do Plano de Incentivo \u00e0 Pesquisa &#8211; PIPEq.<\/p>\n\n\n\n<p><a href=\"http:\/\/dgp.cnpq.br\/dgp\/espelhogrupo\/0123760573081386\" target=\"_blank\" rel=\"noreferrer noopener\">http:\/\/dgp.cnpq.br\/dgp\/espelhogrupo\/0123760573081386<\/a><\/p>\n\n\n\n<p><a href=\"https:\/\/www.facebook.com\/GrupoPesquisaCCM\/\">https:\/\/www.facebook.com\/GrupoPesquisaCCM\/<\/a><\/p>\n\n\n\n<p><a href=\"https:\/\/www.youtube.com\/user\/GrupoPesquisaCCM\">https:\/\/www.youtube.com\/user\/GrupoPesquisaCCM<\/a><\/p>\n\n\n\n<h3 class=\"wp-block-heading\">PROGRAMA\u00c7\u00c3O<\/h3>\n\n\n\n<h4 class=\"wp-block-heading\">1\u00ba DIA &#8211; 14\/12<\/h4>\n\n\n\n<p><strong>14h \u00e0s 14h15<\/strong> &#8211; Abertura do evento e lan\u00e7amento da WWW do CCM Interlab-21, com: Dra. Lucia Le\u00e3o;<br><em>Media\u00e7\u00e3o: Dra. Patricia Assuf Nechar.<\/em><\/p>\n\n\n\n<p><strong>14h15 \u00e0s 15h15<\/strong> &#8211; Palestra \u201cTeorias do Imagin\u00e1rio, Arqu\u00e9tipos &amp; Narrativas\u201d, com: Dr. S\u00edlvio Anaz;<br><em>Media\u00e7\u00e3o: Paula Mantovani.<\/em><\/p>\n\n\n\n<div class=\"wp-block-buttons is-layout-flex wp-block-buttons-is-layout-flex\">\n<div class=\"wp-block-button alignright is-style-outline is-style-outline--1\"><a class=\"wp-block-button__link\" href=\"https:\/\/interlab21ccm.com\/?page_id=284\">Saiba mais<\/a><\/div>\n<\/div>\n\n\n\n<p><\/p>\n\n\n\n<p><strong>15h30 \u00e0s 17h<\/strong>&nbsp;&#8211; Mesa &#8220;A arte como dispositivo de intera\u00e7\u00e3o pol\u00edtica&#8221;, com: Dra. Vanessa Lopes, Dra. Roseli Demercian, Dra. Fernanda Ceretta, Carlos Barmak;<br><em>Media\u00e7\u00e3o: Dra. Ane Shyrlei de Araujo.&nbsp;<\/em><\/p>\n\n\n\n<div class=\"wp-block-buttons is-layout-flex wp-block-buttons-is-layout-flex\">\n<div class=\"wp-block-button alignright is-style-outline is-style-outline--2\"><a class=\"wp-block-button__link\" href=\"https:\/\/interlab21ccm.com\/?page_id=289\">Saiba mais<\/a><\/div>\n<\/div>\n\n\n\n<p><\/p>\n\n\n\n<p><strong>17h30 \u00e0s 19h<\/strong>&nbsp; &#8211; Mesa &#8220;A cria\u00e7\u00e3o de novos cotidianos em ambientes conectivos&#8221;, com:&nbsp; Dr. Pablo Villavicencio, Dr. Bernardo Queiroz, Dr. Guilherme Esp\u00edndula da Rocha;<br><em>Media\u00e7\u00e3o: Dra. Alessandra Barros Marassi.<\/em><\/p>\n\n\n\n<div class=\"wp-block-buttons is-layout-flex wp-block-buttons-is-layout-flex\">\n<div class=\"wp-block-button alignright is-style-outline is-style-outline--3\"><a class=\"wp-block-button__link\" href=\"https:\/\/interlab21ccm.com\/?page_id=295\">Saiba mais<\/a><\/div>\n<\/div>\n\n\n\n<p><\/p>\n\n\n\n<h4 class=\"wp-block-heading\">2\u00ba Dia &#8211; 15\/12<\/h4>\n\n\n\n<p><strong>14h \u00e0s 15h30<\/strong>&nbsp;&#8211; Mesa: &#8220;Direito \u00e0 Informa\u00e7\u00e3o: reconfigura\u00e7\u00f5es de sentido sob o sistema algor\u00edtmico&#8221;, com: Dra. Mirian Meliani Nunes, Me. Ren\u00ea Eduardo Arruda, Me. Dion\u00edsio Moreno Ferres;<br><em>Media\u00e7\u00e3o: Me. Roseni Moraes Guimar\u00e3es.<\/em><\/p>\n\n\n\n<div class=\"wp-block-buttons is-layout-flex wp-block-buttons-is-layout-flex\">\n<div class=\"wp-block-button alignright is-style-outline is-style-outline--4\"><a class=\"wp-block-button__link\" href=\"https:\/\/interlab21ccm.com\/?page_id=298\">Saiba mais<\/a><\/div>\n<\/div>\n\n\n\n<p><\/p>\n\n\n\n<p><strong>16h \u00e0s 17h<\/strong>&nbsp;&#8211; Palestra \u201cA Superind\u00fastria do Imagin\u00e1rio\u201d, com: Dr. Eug\u00eanio Bucci;&nbsp;<br><em>Media\u00e7\u00e3o: Bell Kranz.<\/em><\/p>\n\n\n\n<div class=\"wp-block-buttons is-layout-flex wp-block-buttons-is-layout-flex\">\n<div class=\"wp-block-button alignright is-style-outline is-style-outline--5\"><a class=\"wp-block-button__link\" href=\"https:\/\/interlab21ccm.com\/?page_id=301\">Saiba mais<\/a><\/div>\n<\/div>\n\n\n\n<p><\/p>\n\n\n\n<p><strong>17h \u00e0s 18h<\/strong>&nbsp;&#8211; Palestra &#8220;Rituais da complexidade, intelig\u00eancia artificial e tecnologias ancestrais&#8221;, com: Me. Fernando Vel\u00e1zquez.<br><em>Media\u00e7\u00e3o: Dra. Paula Carolei.<\/em><\/p>\n\n\n\n<div class=\"wp-block-buttons is-layout-flex wp-block-buttons-is-layout-flex\">\n<div class=\"wp-block-button alignright is-style-outline is-style-outline--6\"><a class=\"wp-block-button__link\" href=\"https:\/\/interlab21ccm.com\/?page_id=305\">Saiba mais<\/a><\/div>\n<\/div>\n\n\n\n<p><\/p>\n\n\n\n<h4 class=\"wp-block-heading\">FICHA T\u00c9CNICA<\/h4>\n\n\n\n<p><strong>Coordena\u00e7\u00e3o:<\/strong>&nbsp;Lucia Le\u00e3o<br><strong>Produ\u00e7\u00e3o Executiva:<\/strong>&nbsp;Vanessa Lopes<br><strong>Organiza\u00e7\u00e3o:<\/strong>&nbsp;Roseni Moraes<br><strong>Arte gr\u00e1fica:<\/strong>&nbsp;Ag\u00eancia PUC<br><strong>Certificados:<\/strong>&nbsp;D\u00e2nica Machado<br><strong>Agradecimento:<\/strong>&nbsp;Andrea Soares<br><strong>Apoio:<\/strong>&nbsp;PIPEq<br><strong>Realiza\u00e7\u00e3o:<\/strong>&nbsp;CCM Interlab 21<\/p>\n","protected":false},"excerpt":{"rendered":"<p>Pontes para sobreviv\u00eancia: a cria\u00e7\u00e3o de narrativas pol\u00edticas em redes de ativismo O CCM &#8211; InterLab 21 nasceu da ideia de criar um espa\u00e7o de di\u00e1logo sobre processos de cria\u00e7\u00e3o em diferentes m\u00eddias e plataformas multidimensionais. &nbsp; O tema do V Encontro de Pesquisa CCM &#8211; InterLab,&nbsp; de 2021 &#8211;&nbsp;Pontes para sobreviv\u00eancia: a cria\u00e7\u00e3o de &hellip; <\/p>\n<p class=\"link-more\"><a href=\"https:\/\/interlab21ccm.com\/?page_id=277\" class=\"more-link\">Continue lendo<span class=\"screen-reader-text\"> &#8220;V ENCONTRO DE PESQUISA CCM &#8211; INTERLAB21&#8221;<\/span><\/a><\/p>\n","protected":false},"author":1,"featured_media":0,"parent":0,"menu_order":0,"comment_status":"closed","ping_status":"closed","template":"","meta":{"footnotes":""},"class_list":["post-277","page","type-page","status-publish","hentry"],"_links":{"self":[{"href":"https:\/\/interlab21ccm.com\/index.php?rest_route=\/wp\/v2\/pages\/277","targetHints":{"allow":["GET"]}}],"collection":[{"href":"https:\/\/interlab21ccm.com\/index.php?rest_route=\/wp\/v2\/pages"}],"about":[{"href":"https:\/\/interlab21ccm.com\/index.php?rest_route=\/wp\/v2\/types\/page"}],"author":[{"embeddable":true,"href":"https:\/\/interlab21ccm.com\/index.php?rest_route=\/wp\/v2\/users\/1"}],"replies":[{"embeddable":true,"href":"https:\/\/interlab21ccm.com\/index.php?rest_route=%2Fwp%2Fv2%2Fcomments&post=277"}],"version-history":[{"count":9,"href":"https:\/\/interlab21ccm.com\/index.php?rest_route=\/wp\/v2\/pages\/277\/revisions"}],"predecessor-version":[{"id":308,"href":"https:\/\/interlab21ccm.com\/index.php?rest_route=\/wp\/v2\/pages\/277\/revisions\/308"}],"wp:attachment":[{"href":"https:\/\/interlab21ccm.com\/index.php?rest_route=%2Fwp%2Fv2%2Fmedia&parent=277"}],"curies":[{"name":"wp","href":"https:\/\/api.w.org\/{rel}","templated":true}]}}