{"id":301,"date":"2022-03-14T18:56:19","date_gmt":"2022-03-14T21:56:19","guid":{"rendered":"https:\/\/interlab21ccm.com\/?page_id=301"},"modified":"2022-03-14T18:56:19","modified_gmt":"2022-03-14T21:56:19","slug":"palestra-a-superindustria-do-imaginario","status":"publish","type":"page","link":"https:\/\/interlab21ccm.com\/?page_id=301","title":{"rendered":"PALESTRA: A SUPERIND\u00daSTRIA DO IMAGIN\u00c1RIO"},"content":{"rendered":"\n<h3 class=\"wp-block-heading\">Dr. Eug\u00eanio Bucci<\/h3>\n\n\n\n<p><strong><em>Media\u00e7\u00e3o: Bell Kranz<\/em><\/strong><br><strong>Dura\u00e7\u00e3o:<\/strong>\u00a040 min. de fala\u00a0 + 20 min. de conversa<\/p>\n\n\n\n<p>Em sua palestra, o professor Eug\u00eanio Bucci, um dos principais te\u00f3ricos da comunica\u00e7\u00e3o no Brasil, vai discorrer sobre o seu mais recente livro, \u201cA superind\u00fastria do imagin\u00e1rio \u2013 Como o capital transformou o olhar em trabalho e se apropriou de tudo que \u00e9 vis\u00edvel\u201d. O inimagin\u00e1vel poderio alcan\u00e7ado pelos gigantes da Internet, as transforma\u00e7\u00f5es sofridas pelo capital e os impactos disso no comportamento (e no olhar) da sociedade s\u00e3o os pilares do novo livro, resultado de mais de 20 anos de pesquisa do autor.<\/p>\n\n\n\n<figure class=\"wp-block-image size-full\"><img loading=\"lazy\" decoding=\"async\" width=\"416\" height=\"416\" src=\"https:\/\/interlab21ccm.com\/wp-content\/uploads\/2022\/03\/Foto-Eugenio-Bucci.jpeg\" alt=\"\" class=\"wp-image-302\" srcset=\"https:\/\/interlab21ccm.com\/wp-content\/uploads\/2022\/03\/Foto-Eugenio-Bucci.jpeg 416w, https:\/\/interlab21ccm.com\/wp-content\/uploads\/2022\/03\/Foto-Eugenio-Bucci-300x300.jpeg 300w, https:\/\/interlab21ccm.com\/wp-content\/uploads\/2022\/03\/Foto-Eugenio-Bucci-150x150.jpeg 150w, https:\/\/interlab21ccm.com\/wp-content\/uploads\/2022\/03\/Foto-Eugenio-Bucci-100x100.jpeg 100w\" sizes=\"auto, (max-width: 416px) 100vw, 416px\" \/><\/figure>\n\n\n\n<p><strong>Eug\u00eanio Bucci<\/strong>&nbsp;\u00e9 Professor Titular da Escola de Comunica\u00e7\u00f5es e Artes da Universidade de S\u00e3o Paulo, onde tamb\u00e9m \u00e9 Coordenador Acad\u00eamico da C\u00e1tedra Oscar Sala, do Instituto de Estudos Avan\u00e7ados. Escreve quinzenalmente na se\u00e7\u00e3o \u201cEspa\u00e7o Aberto&#8221; do jornal &#8220;O Estado de S. Paulo&#8221;.&nbsp;<\/p>\n\n\n\n<p>Foi professor da Escola Superior de Propaganda e Marketing e dirigiu o curso de P\u00f3s-Gradua\u00e7\u00e3o em Jornalismo com \u00canfase em Dire\u00e7\u00e3o Editorial. Foi presidente da Radiobras de 2003 a 2007 e integrou o Conselho Curador da Funda\u00e7\u00e3o Padre Anchieta (TV Cultura de S\u00e3o Paulo) de 2007 a 2010. Na Editora Abril, foi diretor de reda\u00e7\u00e3o das revistas Superinteressante e Quatro Rodas e Secret\u00e1rio Editorial. Vencedor de v\u00e1rios pr\u00eamios, entre eles o Pr\u00eamio Excel\u00eancia Jornal\u00edstica 2011, da Sociedade Interamericana de Imprensa, e o Pr\u00eamio Esso de Melhor Contribui\u00e7\u00e3o \u00e0 Imprensa pela Revista de Jornalismo ESPM. Desenvolve pesquisas nas \u00e1reas de \u00e9tica e imprensa, comunica\u00e7\u00e3o p\u00fablica, superind\u00fastria do imagin\u00e1rio, informa\u00e7\u00e3o e cultura democr\u00e1tica. Escreveu, entre outros livros, &#8220;O Estado de Narciso\u201d, &#8220;Existe democracia sem verdade factual?&#8221; e acaba de lan\u00e7ar &#8220;A superind\u00fastria do imagin\u00e1rio&#8221;.<\/p>\n","protected":false},"excerpt":{"rendered":"<p>Dr. Eug\u00eanio Bucci Media\u00e7\u00e3o: Bell KranzDura\u00e7\u00e3o:\u00a040 min. de fala\u00a0 + 20 min. de conversa Em sua palestra, o professor Eug\u00eanio Bucci, um dos principais te\u00f3ricos da comunica\u00e7\u00e3o no Brasil, vai discorrer sobre o seu mais recente livro, \u201cA superind\u00fastria do imagin\u00e1rio \u2013 Como o capital transformou o olhar em trabalho e se apropriou de tudo &hellip; <\/p>\n<p class=\"link-more\"><a href=\"https:\/\/interlab21ccm.com\/?page_id=301\" class=\"more-link\">Continue lendo<span class=\"screen-reader-text\"> &#8220;PALESTRA: A SUPERIND\u00daSTRIA DO IMAGIN\u00c1RIO&#8221;<\/span><\/a><\/p>\n","protected":false},"author":1,"featured_media":0,"parent":0,"menu_order":0,"comment_status":"closed","ping_status":"closed","template":"","meta":{"footnotes":""},"class_list":["post-301","page","type-page","status-publish","hentry"],"_links":{"self":[{"href":"https:\/\/interlab21ccm.com\/index.php?rest_route=\/wp\/v2\/pages\/301","targetHints":{"allow":["GET"]}}],"collection":[{"href":"https:\/\/interlab21ccm.com\/index.php?rest_route=\/wp\/v2\/pages"}],"about":[{"href":"https:\/\/interlab21ccm.com\/index.php?rest_route=\/wp\/v2\/types\/page"}],"author":[{"embeddable":true,"href":"https:\/\/interlab21ccm.com\/index.php?rest_route=\/wp\/v2\/users\/1"}],"replies":[{"embeddable":true,"href":"https:\/\/interlab21ccm.com\/index.php?rest_route=%2Fwp%2Fv2%2Fcomments&post=301"}],"version-history":[{"count":1,"href":"https:\/\/interlab21ccm.com\/index.php?rest_route=\/wp\/v2\/pages\/301\/revisions"}],"predecessor-version":[{"id":303,"href":"https:\/\/interlab21ccm.com\/index.php?rest_route=\/wp\/v2\/pages\/301\/revisions\/303"}],"wp:attachment":[{"href":"https:\/\/interlab21ccm.com\/index.php?rest_route=%2Fwp%2Fv2%2Fmedia&parent=301"}],"curies":[{"name":"wp","href":"https:\/\/api.w.org\/{rel}","templated":true}]}}