{"id":46,"date":"2022-03-11T15:39:47","date_gmt":"2022-03-11T18:39:47","guid":{"rendered":"https:\/\/interlab21ccm.com\/?page_id=46"},"modified":"2022-03-14T18:30:08","modified_gmt":"2022-03-14T21:30:08","slug":"eventos","status":"publish","type":"page","link":"https:\/\/interlab21ccm.com\/?page_id=46","title":{"rendered":"Eventos"},"content":{"rendered":"\n<h1 class=\"has-text-align-center wp-block-heading\"><strong>2021<\/strong><\/h1>\n\n\n\n<div class=\"wp-block-image\"><figure class=\"aligncenter size-large\"><img loading=\"lazy\" decoding=\"async\" width=\"1024\" height=\"1024\" src=\"https:\/\/interlab21ccm.com\/wp-content\/uploads\/2022\/03\/InterLab-21-redes-sociais-1024x1024.jpeg\" alt=\"\" class=\"wp-image-269\" srcset=\"https:\/\/interlab21ccm.com\/wp-content\/uploads\/2022\/03\/InterLab-21-redes-sociais-1024x1024.jpeg 1024w, https:\/\/interlab21ccm.com\/wp-content\/uploads\/2022\/03\/InterLab-21-redes-sociais-300x300.jpeg 300w, https:\/\/interlab21ccm.com\/wp-content\/uploads\/2022\/03\/InterLab-21-redes-sociais-150x150.jpeg 150w, https:\/\/interlab21ccm.com\/wp-content\/uploads\/2022\/03\/InterLab-21-redes-sociais-768x768.jpeg 768w, https:\/\/interlab21ccm.com\/wp-content\/uploads\/2022\/03\/InterLab-21-redes-sociais-100x100.jpeg 100w, https:\/\/interlab21ccm.com\/wp-content\/uploads\/2022\/03\/InterLab-21-redes-sociais.jpeg 1080w\" sizes=\"auto, (max-width: 767px) 89vw, (max-width: 1000px) 54vw, (max-width: 1071px) 543px, 580px\" \/><\/figure><\/div>\n\n\n\n<h4 class=\"has-text-align-center wp-block-heading\">V Encontro de Pesquisa CCM &#8211; InterLab 21<\/h4>\n\n\n\n<p class=\"has-text-align-center\">Pontes para sobreviv\u00eancia: a cria\u00e7\u00e3o de narrativas pol\u00edticas em redes de ativismo ser\u00e1 realizado de forma on-line, por meio da plataforma Teams, nos dia 14 e 15 de dezembro de 2021.<\/p>\n\n\n\n<div class=\"wp-block-buttons is-content-justification-center is-layout-flex wp-container-core-buttons-is-layout-16018d1d wp-block-buttons-is-layout-flex\">\n<div class=\"wp-block-button is-style-outline is-style-outline--1\"><a class=\"wp-block-button__link\" href=\"https:\/\/interlab21ccm.com\/?page_id=277\">Veja como foi<\/a><\/div>\n<\/div>\n\n\n\n<p><\/p>\n","protected":false},"excerpt":{"rendered":"<p>2021 V Encontro de Pesquisa CCM &#8211; InterLab 21 Pontes para sobreviv\u00eancia: a cria\u00e7\u00e3o de narrativas pol\u00edticas em redes de ativismo ser\u00e1 realizado de forma on-line, por meio da plataforma Teams, nos dia 14 e 15 de dezembro de 2021.<\/p>\n","protected":false},"author":1,"featured_media":0,"parent":0,"menu_order":0,"comment_status":"closed","ping_status":"closed","template":"","meta":{"footnotes":""},"class_list":["post-46","page","type-page","status-publish","hentry"],"_links":{"self":[{"href":"https:\/\/interlab21ccm.com\/index.php?rest_route=\/wp\/v2\/pages\/46","targetHints":{"allow":["GET"]}}],"collection":[{"href":"https:\/\/interlab21ccm.com\/index.php?rest_route=\/wp\/v2\/pages"}],"about":[{"href":"https:\/\/interlab21ccm.com\/index.php?rest_route=\/wp\/v2\/types\/page"}],"author":[{"embeddable":true,"href":"https:\/\/interlab21ccm.com\/index.php?rest_route=\/wp\/v2\/users\/1"}],"replies":[{"embeddable":true,"href":"https:\/\/interlab21ccm.com\/index.php?rest_route=%2Fwp%2Fv2%2Fcomments&post=46"}],"version-history":[{"count":8,"href":"https:\/\/interlab21ccm.com\/index.php?rest_route=\/wp\/v2\/pages\/46\/revisions"}],"predecessor-version":[{"id":282,"href":"https:\/\/interlab21ccm.com\/index.php?rest_route=\/wp\/v2\/pages\/46\/revisions\/282"}],"wp:attachment":[{"href":"https:\/\/interlab21ccm.com\/index.php?rest_route=%2Fwp%2Fv2%2Fmedia&parent=46"}],"curies":[{"name":"wp","href":"https:\/\/api.w.org\/{rel}","templated":true}]}}